What are the prime factors of l?
2, 199
Suppose -o + b = 178 - 805, 3*o = b + 1883. What are the prime factors of o?
2, 157
Let w(a) = -a**2 - a - 21. Let q be (-2)/11 - (-2)/11. Let u be w(q). Let z = 35 + u. What are the prime factors of z?
2, 7
Suppose -63*k + 4 = -62*k. Suppose 9*j - 605 = k*j. What are the prime factors of j?
11
Let k(f) be the first derivative of f**3/3 - 13*f**2/2 + 40*f - 13. What are the prime factors of k(18)?
2, 5, 13
Let m(d) = -4*d - 22. Let o be m(-6). Suppose o*a - a - 7 = 5*l, -4*a = l - 7. List the prime factors of a.
2
List the prime factors of 6264/(-162)*(1 - 298/4).
2, 7, 29
Let i(x) = -2*x - 20. Let k be i(-15). Suppose 0 = -4*p + 2*p + k. List the prime factors of 32/p - (-6)/(-15).
2, 3
Let z = -148 + 113. What are the prime factors of (0 + -5 + -4)*z/3?
3, 5, 7
Let c(d) be the second derivative of 7*d**3/6 + 17*d**2/2 - 16*d. List the prime factors of c(8).
73
Suppose -24*u + 7919 = -13345. What are the prime factors of u?
2, 443
What are the prime factors of (17 + -14 - 2061*-2) + 3?
2, 3, 43
Suppose s = 5*q - 14, 7*q = 8*q + 4*s + 14. Suppose 5*a - q*m - 1099 = 0, -4*a + 870 = 5*m - 2*m. What are the prime factors of a?
3, 73
Let x = 292 - 106. Let k = x - 84. List the prime factors of k.
2, 3, 17
Let h = 26 + -26. Suppose 0 = -h*u - 2*u - 4. Let d(v) = -15*v - 5. List the prime factors of d(u).
5
Suppose -2*i - j = -4, 2*i - 6 = -5*j - 2. List the prime factors of i.
2
Let f be (-620)/((-10)/2) + 4. Let c = 6 + f. What are the prime factors of c?
2, 67
Let u(v) = -v**2 + v - 1. Let c(i) = -9*i**2 + 10*i - 5. Let g(f) = -3*c(f) + 21*u(f). List the prime factors of g(7).
3, 5
What are the prime factors of (-18338)/(-18) + (168/(-108))/(-7)?
1019
What are the prime factors of (4/3 - 2)*1605/(-2)?
5, 107
Suppose -5*c + 10 + 5 = 0. Let o be (-15)/c*(-2)/1. Suppose -4*n + o = 2*p, -2*n = 3*p - 0*n - 19. What are the prime factors of p?
7
Let p(i) = i**3 - 5*i**2 - 17*i + 14. Let t be p(7). Let k(a) = 6*a + 3 - 6*a**2 - a - a**3 - 2*a. What are the prime factors of k(t)?
31
Let i = 182 - -195. List the prime factors of i.
13, 29
Let b = -23 + 25. What are the prime factors of (-116 - (b - 4))/(-2)?
3, 19
Let z = 8124 - 4692. List the prime factors of z.
2, 3, 11, 13
Let q be ((-2)/3 + 15/9)*5. Suppose 0 = c - 34 + 10. Suppose 2*f + q = -3*b + c, 3*f = 5*b. What are the prime factors of f?
5
Suppose 52472 = 19*v + 37*v. What are the prime factors of v?
937
Let j = 11 + -19. What are the prime factors of 60/j*(-76)/6?
5, 19
Let g(r) = -r**3 + r**2 + r. Let s(t) = 5*t**3 - 15*t**2 - 8*t + 18. Let f(h) = -4*g(h) - s(h). What are the prime factors of f(10)?
2, 61
Let s(y) = -16*y**3 - 14*y**2 + y + 1. List the prime factors of s(-5).
2, 823
Let u(w) = -3*w - 5*w + 9 + w**2 - 3 + 0*w**2. Let s be u(5). Let k(x) = -x**3 - 8*x**2 + 6*x + 2. What are the prime factors of k(s)?
29
Suppose 10*f - 25*f + 14100 = 0. What are the prime factors of f?
2, 5, 47
Let p = 1615 - 852. What are the prime factors of p/5 - 6/(-15)?
3, 17
Suppose -4*a = -2*p - 30, a + 5*p + 1 = 3. List the prime factors of 126/(a/(21/6)).
3, 7
Suppose -5*p + 5*n = -230, -54 = -p - n - 2*n. Let j = 126 - p. List the prime factors of j.
2, 3, 13
Suppose 0 = -8*q + 9*q + 25. Let h be (-1)/2*896/(-14). Let g = h + q. What are the prime factors of g?
7
Let k = 31 - 22. Let p be -3 - 15/k*-3. What are the prime factors of ((-1)/p + -4)*-8?
2, 3
List the prime factors of 2*442 - (-61 + 69).
2, 3, 73
List the prime factors of (-2320)/(-4) + 5 - (-4)/(-2).
11, 53
Let t = -324 + 550. Suppose 4*i - 22 = t. What are the prime factors of i?
2, 31
Let g(q) be the second derivative of -q**3/6 + 25*q**2/2 - q. Let x be g(0). Suppose -x = -i + 1. What are the prime factors of i?
2, 13
Let p(m) = -35*m - 28. List the prime factors of p(-9).
7, 41
Let b(a) be the first derivative of -a**4/12 + a**3/6 + 19*a**2/2 + 3*a - 5. Let o(g) be the first derivative of b(g). List the prime factors of o(0).
19
What are the prime factors of (-2)/(-13) + (0 - 6966/(-13))?
2, 67
Let a = -11 - -12. Let d(l) be the first derivative of 13*l**4/2 + 2*l**3/3 - l**2 + l - 1. What are the prime factors of d(a)?
3
Let h(x) = 4*x**3 - x**2 + 9*x. List the prime factors of h(4).
2, 3, 23
Let o be ((-12)/(-14))/(32/112). Let p be 2 - 0/((-6)/o). List the prime factors of ((-20)/50)/(p/(-190)).
2, 19
Let v = 0 - -5. Let d(l) = -2*l + 4*l**2 + 6*l - v + 8*l**2 - 7*l**2. What are the prime factors of d(-4)?
59
Let p(i) = 4*i + 66. Let c(z) = 11*z + 198. Let v(n) = 3*c(n) - 8*p(n). What are the prime factors of v(-24)?
2, 3, 7
Suppose 0 = 11*h - 58*h + 49538. What are the prime factors of h?
2, 17, 31
Let u(i) = i**3 + 3*i**2 - 5*i - 2. Let q be -5 - (1 + (3 - 5)). Let a be u(q). Suppose j - a = 2*g + 15, 3*g = 2*j - 35. List the prime factors of j.
19
Let m(a) = a**3 + 22*a**2 + 20*a - 16. Let u be m(-21). What are the prime factors of ((-2)/u)/(13/(-5135))?
2, 79
Suppose 67 + 403 = 2*s. What are the prime factors of s?
5, 47
Suppose -4*g = 5*r - 12 + 38, -2*r = g + 11. Let l(w) = 5*w**2 + 5*w - 14. What are the prime factors of l(r)?
2, 17
Suppose 2*w + 3*m + 103 = 376, -4*m + 274 = 2*w. Suppose 8*x - w = 3*x + u, -53 = -x - 5*u. List the prime factors of x.
2, 7
Let i(m) = 2*m - 2. Let j(c) = -c**2 + 7*c + 11. Let s be j(8). Let q be i(s). Suppose 0 = -q*b - 0*b + 12. List the prime factors of b.
3
Let k(v) = 10*v**2 + 5*v - 2. Let l be k(6). Let y be l/(-8)*1*2. What are the prime factors of y/(-3) - (-8)/(-6)?
31
Let p be 0*((-10)/4 - -3). Suppose p = -25*v + 22*v + 15. Suppose -3*w + v*u + 30 = -8, -5*u + 90 = 5*w. What are the prime factors of w?
2
Suppose 0 = -6*p - 1295 + 5099. What are the prime factors of p?
2, 317
Suppose 7*y - 21 - 7 = 0. Suppose -y*h - 3*d + 336 = 0, h + 2*d = -3*h + 336. Suppose -3*i = i - h. List the prime factors of i.
3, 7
Suppose 29 = 5*t - 11. Let r = t - -33. What are the prime factors of r?
41
Suppose 4828 = 408*b - 391*b. What are the prime factors of b?
2, 71
Let p = 1637 + -146. List the prime factors of p.
3, 7, 71
Let m = 1547 + -386. List the prime factors of m.
3, 43
Suppose -r + 17 = 3*x, 3*r + 2*r = -5*x + 25. Let b = -4 + x. Suppose -4*j - 4*c = -0*j - 100, -b*j = 4*c - 54. What are the prime factors of j?
23
Let t(q) = 4*q**2 + 7*q + 31. What are the prime factors of t(-13)?
2, 7, 11
Let v = 90 + -50. What are the prime factors of 24/v + 767/5?
2, 7, 11
Let s(w) = -2*w**3 + 10*w**2 - 6. Let o be s(5). Let z(j) = -j**3 + 2*j**2 - j. Let f be z(2). What are the prime factors of (f/o)/((-3)/(-72))?
2
Let t(v) = v**2 + 4*v. Let a(h) = 4*h + 2. Let g(u) = -u**2 - 2*u + 4. Let r be g(-3). Let o be a(r). List the prime factors of t(o).
2, 3, 5
Suppose 2*f - 3*f = 0. Suppose -n = -5*v + 44, f*n + 2*n - 3*v + 123 = 0. What are the prime factors of 2/4 - n/6?
2, 3
Suppose 3*y = -4*c + 18, 3*y + 18 = 4*c - 2*c. Let s = c + 27. What are the prime factors of s?
3, 11
Suppose 3*u = -u - 5*z + 636, -u + 159 = -4*z. What are the prime factors of u?
3, 53
Let f(t) = t**3 + 19*t**2 + 15*t + 25. List the prime factors of f(-17).
2, 3, 29
Suppose 2*s + 6 = h, -8*h - 2*s = -5*h + 6. Let m(r) = 2*r**2 - 2*r + 23. Let x(f) = -f**3 - f**2 + f. Let n(p) = m(p) + x(p). List the prime factors of n(h).
23
Suppose 2*k + 6 = 0, -k + 681 = 3*l + 231. Suppose 0 = -q + 2*i + 33, -3*q - 2*q + l = -3*i. List the prime factors of q.
29
Let t = 3 + -9. Let f = 11 + t. Suppose -4*d + 2*d + 29 = -5*p, f*d - 3*p = 44. List the prime factors of d.
7
Let m(u) = -14*u - 23 - 15*u - u**2 - 3*u**2 + 3*u**2. What are the prime factors of m(-19)?
167
Let g(z) = -z + 8. Let u be g(2). Suppose u*j - 387 = 63. List the prime factors of j.
3, 5
What are the prime factors of -5 + (-13)/((-26)/4028)?
7, 41
Let o(y) = y**3 + 7*y**2 - 10*y - 12. Let c be o(-8). Let z(q) = q**2 - 4*q + 4. Let r be z(c). What are the prime factors of (8 - 4)*11/r?
11
Let u(f) = 54*f**3 + 2*f**2 - 13*f + 2. List the prime factors of u(3).
1439
Suppose -4*u + 6 = -2*u. Suppose 0 = 3*v - 7*v + 2*g + 2, 0 = 4*v + u*g - 17. What are the prime factors of (-272)/(-9) - v/9?
2, 3, 5
Let c(y) = -y - 3. Let v be c(-7). List the prime factors of 9*6*2/v.
3
Suppose -12156 - 14484 = -20*t. List the prime factors of t.
2, 3, 37